{"id":6908,"date":"2026-04-10T20:21:45","date_gmt":"2026-04-10T20:21:45","guid":{"rendered":"https:\/\/parquetantauco.cl\/?page_id=6908"},"modified":"2026-04-10T20:29:21","modified_gmt":"2026-04-10T20:29:21","slug":"biblioteca-cipres-de-las-guaitecas","status":"publish","type":"page","link":"https:\/\/parquetantauco.cl\/pt\/biblioteca-cipres-de-las-guaitecas\/","title":{"rendered":"Biblioteca Cipr\u00e9s de las Guaitecas"},"content":{"rendered":"<div id=\"pl-6908\"  class=\"panel-layout\" ><div id=\"pg-6908-0\"  class=\"panel-grid panel-no-style\" ><div id=\"pgc-6908-0-0\"  class=\"panel-grid-cell\" ><div id=\"panel-6908-0-0-0\" class=\"so-panel widget widget_sow-editor panel-first-child panel-last-child\" data-index=\"0\" ><div class=\"panel-widget-style panel-widget-style-for-6908-0-0-0\" ><div\n\t\t\t\n\t\t\tclass=\"so-widget-sow-editor so-widget-sow-editor-base\"\n\t\t\t\n\t\t>\n<div class=\"siteorigin-widget-tinymce textwidget\">\n\t<p>A continuaci\u00f3n encontrar\u00e1s toda la informaci\u00f3n asociada a los estudios sobre el cipr\u00e9s de las Guaitecas elaborados en el Parque Tantauco. Estos trabajos son el resultado de a\u00f1os de investigaci\u00f3n y trabajo en terreno, desarrollados en colaboraci\u00f3n con universidades, centros de estudio, ONGs, investigadores y estudiantes, aportando conocimiento relevante sobre esta especie y los ecosistemas en los que habita.<\/p>\n<\/div>\n<\/div><\/div><\/div><\/div><\/div><div id=\"pg-6908-1\"  class=\"panel-grid panel-no-style\" ><div id=\"pgc-6908-1-0\"  class=\"panel-grid-cell\" ><div id=\"panel-6908-1-0-0\" class=\"so-panel widget widget_sow-button panel-first-child panel-last-child\" data-index=\"1\" ><div class=\"btn-links-pages panel-widget-style panel-widget-style-for-6908-1-0-0\" ><div\n\t\t\t\n\t\t\tclass=\"so-widget-sow-button so-widget-sow-button-flat-db9247f52dcb-6908\"\n\t\t\t\n\t\t><div class=\"ow-button-base ow-button-align-left\"\n>\n\t\t\t<a\n\t\t\t\t\thref=\"https:\/\/parquetantauco.cl\/wp-content\/uploads\/2026\/04\/CIPRES-GUAITECAS-2019-Bannister-et-al-2019_Restoration-Ecology.pdf\"\n\t\t\t\t\tclass=\"sowb-button ow-icon-placement-left ow-button-hover\" target=\"_blank\" rel=\"noopener noreferrer\" \t>\n\t\t<span>\n\t\t\t\n\t\t\tEstudio: \u201cInfluencia de los arbustos en el desempe\u00f1o de las pl\u00e1ntulas durante la restauraci\u00f3n de especies de crecimiento lento\u201d\t\t<\/span>\n\t\t\t<\/a>\n\t<\/div>\n<\/div><\/div><\/div><\/div><div id=\"pgc-6908-1-1\"  class=\"panel-grid-cell panel-grid-cell-empty panel-grid-cell-mobile-last\" ><\/div><div id=\"pgc-6908-1-2\"  class=\"panel-grid-cell panel-grid-cell-empty\" ><\/div><\/div><div id=\"pg-6908-2\"  class=\"panel-grid panel-no-style\" ><div id=\"pgc-6908-2-0\"  class=\"panel-grid-cell\" ><div id=\"panel-6908-2-0-0\" class=\"so-panel widget widget_sow-button panel-first-child panel-last-child\" data-index=\"2\" ><div\n\t\t\t\n\t\t\tclass=\"so-widget-sow-button so-widget-sow-button-flat-e86c2787087e-6908\"\n\t\t\t\n\t\t><div class=\"ow-button-base ow-button-align-center\"\n>\n\t\t\t<a\n\t\t\t\t\thref=\"https:\/\/parquetantauco.cl\/wp-content\/uploads\/2026\/04\/CIPRES-GUAITECAS-2011-Article-Bannister-et-al-2011.pdf\"\n\t\t\t\t\tclass=\"sowb-button ow-icon-placement-left ow-button-hover\" target=\"_blank\" rel=\"noopener noreferrer\" \t>\n\t\t<span>\n\t\t\t\n\t\t\tEstudio: \u201cPatrones latitudinales y regionalizaci\u00f3n de la diversidad vegetal a lo largo de un gradiente de 4.270 km en el Chile continental\u201d\t\t<\/span>\n\t\t\t<\/a>\n\t<\/div>\n<\/div><\/div><\/div><div id=\"pgc-6908-2-1\"  class=\"panel-grid-cell panel-grid-cell-empty panel-grid-cell-mobile-last\" ><\/div><div id=\"pgc-6908-2-2\"  class=\"panel-grid-cell panel-grid-cell-empty\" ><\/div><\/div><div id=\"pg-6908-3\"  class=\"panel-grid panel-no-style\" ><div id=\"pgc-6908-3-0\"  class=\"panel-grid-cell\" ><div id=\"panel-6908-3-0-0\" class=\"so-panel widget widget_sow-button panel-first-child panel-last-child\" data-index=\"3\" ><div\n\t\t\t\n\t\t\tclass=\"so-widget-sow-button so-widget-sow-button-flat-e86c2787087e-6908\"\n\t\t\t\n\t\t><div class=\"ow-button-base ow-button-align-center\"\n>\n\t\t\t<a\n\t\t\t\t\thref=\"https:\/\/parquetantauco.cl\/wp-content\/uploads\/2026\/04\/CIPRES-GUAITECAS-2013-Austral-Ecology-Bannister-et-al-2013b.pdf\"\n\t\t\t\t\tclass=\"sowb-button ow-icon-placement-left ow-button-hover\" \t>\n\t\t<span>\n\t\t\t\n\t\t\tEstudio: \u201cLa importancia de los \u00e1rboles semilleros en la con\u00edfera dioica Pilgerodendron uviferum para la restauraci\u00f3n pasiva de bosques de turbera del sur afectados por incendios\u201d\t\t<\/span>\n\t\t\t<\/a>\n\t<\/div>\n<\/div><\/div><\/div><div id=\"pgc-6908-3-1\"  class=\"panel-grid-cell panel-grid-cell-empty panel-grid-cell-mobile-last\" ><\/div><div id=\"pgc-6908-3-2\"  class=\"panel-grid-cell panel-grid-cell-empty\" ><\/div><\/div><div id=\"pg-6908-4\"  class=\"panel-grid panel-no-style\" ><div id=\"pgc-6908-4-0\"  class=\"panel-grid-cell\" ><div id=\"panel-6908-4-0-0\" class=\"so-panel widget widget_sow-button panel-first-child panel-last-child\" data-index=\"4\" ><div\n\t\t\t\n\t\t\tclass=\"so-widget-sow-button so-widget-sow-button-flat-e86c2787087e-6908\"\n\t\t\t\n\t\t><div class=\"ow-button-base ow-button-align-center\"\n>\n\t\t\t<a\n\t\t\t\t\thref=\"https:\/\/parquetantauco.cl\/wp-content\/uploads\/2026\/04\/CIPRES-GUAITECAS-2013-Bannister-Donoso-2013.pdf\"\n\t\t\t\t\tclass=\"sowb-button ow-icon-placement-left ow-button-hover\" target=\"_blank\" rel=\"noopener noreferrer\" \t>\n\t\t<span>\n\t\t\t\n\t\t\tEstudio: \u201cTipificaci\u00f3n forestal para caracterizar la estructura y composici\u00f3n de los bosques siempreverdes antiguos en la Isla de Chilo\u00e9, Patagonia norte (Chile)\u201d\t\t<\/span>\n\t\t\t<\/a>\n\t<\/div>\n<\/div><\/div><\/div><div id=\"pgc-6908-4-1\"  class=\"panel-grid-cell panel-grid-cell-empty panel-grid-cell-mobile-last\" ><\/div><div id=\"pgc-6908-4-2\"  class=\"panel-grid-cell panel-grid-cell-empty\" ><\/div><\/div><div id=\"pg-6908-5\"  class=\"panel-grid panel-no-style\" ><div id=\"pgc-6908-5-0\"  class=\"panel-grid-cell\" ><div id=\"panel-6908-5-0-0\" class=\"so-panel widget widget_sow-button panel-first-child panel-last-child\" data-index=\"5\" ><div\n\t\t\t\n\t\t\tclass=\"so-widget-sow-button so-widget-sow-button-flat-e86c2787087e-6908\"\n\t\t\t\n\t\t><div class=\"ow-button-base ow-button-align-center\"\n>\n\t\t\t<a\n\t\t\t\t\thref=\"https:\/\/parquetantauco.cl\/wp-content\/uploads\/2026\/04\/CIPRES-GUAITECAS-2015-JBannister-POSTER-pdf.pdf\"\n\t\t\t\t\tclass=\"sowb-button ow-icon-placement-left ow-button-hover\" target=\"_blank\" rel=\"noopener noreferrer\" \t>\n\t\t<span>\n\t\t\t\n\t\t\tEstudio: \u201cRestauraci\u00f3n de los bosques de \u2018cipr\u00e9s de las Guaitecas\u2019 en la Patagonia norte de Chile\u201d\t\t<\/span>\n\t\t\t<\/a>\n\t<\/div>\n<\/div><\/div><\/div><div id=\"pgc-6908-5-1\"  class=\"panel-grid-cell panel-grid-cell-empty panel-grid-cell-mobile-last\" ><\/div><div id=\"pgc-6908-5-2\"  class=\"panel-grid-cell panel-grid-cell-empty\" ><\/div><\/div><div id=\"pg-6908-6\"  class=\"panel-grid panel-no-style\" ><div id=\"pgc-6908-6-0\"  class=\"panel-grid-cell\" ><div id=\"panel-6908-6-0-0\" class=\"so-panel widget widget_sow-button panel-first-child panel-last-child\" data-index=\"6\" ><div\n\t\t\t\n\t\t\tclass=\"so-widget-sow-button so-widget-sow-button-flat-e86c2787087e-6908\"\n\t\t\t\n\t\t><div class=\"ow-button-base ow-button-align-center\"\n>\n\t\t\t<a\n\t\t\t\t\thref=\"https:\/\/parquetantauco.cl\/wp-content\/uploads\/2026\/04\/CIPRES-GUAITECAS-2024-Galindo-et-al-2024_Gayana.pdf\"\n\t\t\t\t\tclass=\"sowb-button ow-icon-placement-left ow-button-hover\" target=\"_blank\" rel=\"noopener noreferrer\" \t>\n\t\t<span>\n\t\t\t\n\t\t\tEstudio: \u201cCiclo reproductivo del cipr\u00e9s de las Guaitecas (Pilgerodendron uviferum) en la Isla de Chilo\u00e9, Chile\u201d\t\t<\/span>\n\t\t\t<\/a>\n\t<\/div>\n<\/div><\/div><\/div><div id=\"pgc-6908-6-1\"  class=\"panel-grid-cell panel-grid-cell-empty panel-grid-cell-mobile-last\" ><\/div><div id=\"pgc-6908-6-2\"  class=\"panel-grid-cell panel-grid-cell-empty\" ><\/div><\/div><\/div>","protected":false},"excerpt":{"rendered":"<p>A continuaci\u00f3n encontrar\u00e1s toda la informaci\u00f3n asociada a los estudios sobre el cipr\u00e9s de las Guaitecas elaborados en el Parque Tantauco. Estos trabajos son el resultado de a\u00f1os de investigaci\u00f3n y trabajo en terreno, desarrollados en colaboraci\u00f3n con universidades, centros de estudio, ONGs, investigadores y estudiantes, aportando conocimiento relevante sobre esta especie y los ecosistemas [&hellip;]<\/p>\n","protected":false},"author":5,"featured_media":6910,"parent":0,"menu_order":0,"comment_status":"closed","ping_status":"closed","template":"","meta":{"_acf_changed":false,"inline_featured_image":false,"_uag_custom_page_level_css":"","ngg_post_thumbnail":0,"footnotes":""},"class_list":["post-6908","page","type-page","status-publish","has-post-thumbnail","hentry"],"acf":[],"aioseo_notices":[],"uagb_featured_image_src":{"full":["https:\/\/parquetantauco.cl\/wp-content\/uploads\/2026\/04\/Diseno-sin-titulo-7.jpg",1900,500,false],"thumbnail":["https:\/\/parquetantauco.cl\/wp-content\/uploads\/2026\/04\/Diseno-sin-titulo-7-150x150.jpg",150,150,true],"medium":["https:\/\/parquetantauco.cl\/wp-content\/uploads\/2026\/04\/Diseno-sin-titulo-7-300x79.jpg",300,79,true],"medium_large":["https:\/\/parquetantauco.cl\/wp-content\/uploads\/2026\/04\/Diseno-sin-titulo-7-768x202.jpg",768,202,true],"large":["https:\/\/parquetantauco.cl\/wp-content\/uploads\/2026\/04\/Diseno-sin-titulo-7-1024x269.jpg",770,202,true],"1536x1536":["https:\/\/parquetantauco.cl\/wp-content\/uploads\/2026\/04\/Diseno-sin-titulo-7-1536x404.jpg",1536,404,true],"2048x2048":["https:\/\/parquetantauco.cl\/wp-content\/uploads\/2026\/04\/Diseno-sin-titulo-7.jpg",1900,500,false],"multimedia":["https:\/\/parquetantauco.cl\/wp-content\/uploads\/2026\/04\/Diseno-sin-titulo-7-480x360.jpg",480,360,true],"multimedia-big":["https:\/\/parquetantauco.cl\/wp-content\/uploads\/2026\/04\/Diseno-sin-titulo-7-770x500.jpg",770,500,true],"sow-carousel-default":["https:\/\/parquetantauco.cl\/wp-content\/uploads\/2026\/04\/Diseno-sin-titulo-7-272x182.jpg",272,182,true]},"uagb_author_info":{"display_name":"Nicol\u00e1s Mes\u00edas","author_link":"https:\/\/parquetantauco.cl\/pt\/author\/nicolas-mesias\/"},"uagb_comment_info":0,"uagb_excerpt":"A continuaci\u00f3n encontrar\u00e1s toda la informaci\u00f3n asociada a los estudios sobre el cipr\u00e9s de las Guaitecas elaborados en el Parque Tantauco. Estos trabajos son el resultado de a\u00f1os de investigaci\u00f3n y trabajo en terreno, desarrollados en colaboraci\u00f3n con universidades, centros de estudio, ONGs, investigadores y estudiantes, aportando conocimiento relevante sobre esta especie y los ecosistemas&hellip;","_links":{"self":[{"href":"https:\/\/parquetantauco.cl\/pt\/wp-json\/wp\/v2\/pages\/6908","targetHints":{"allow":["GET"]}}],"collection":[{"href":"https:\/\/parquetantauco.cl\/pt\/wp-json\/wp\/v2\/pages"}],"about":[{"href":"https:\/\/parquetantauco.cl\/pt\/wp-json\/wp\/v2\/types\/page"}],"author":[{"embeddable":true,"href":"https:\/\/parquetantauco.cl\/pt\/wp-json\/wp\/v2\/users\/5"}],"replies":[{"embeddable":true,"href":"https:\/\/parquetantauco.cl\/pt\/wp-json\/wp\/v2\/comments?post=6908"}],"version-history":[{"count":5,"href":"https:\/\/parquetantauco.cl\/pt\/wp-json\/wp\/v2\/pages\/6908\/revisions"}],"predecessor-version":[{"id":6922,"href":"https:\/\/parquetantauco.cl\/pt\/wp-json\/wp\/v2\/pages\/6908\/revisions\/6922"}],"wp:featuredmedia":[{"embeddable":true,"href":"https:\/\/parquetantauco.cl\/pt\/wp-json\/wp\/v2\/media\/6910"}],"wp:attachment":[{"href":"https:\/\/parquetantauco.cl\/pt\/wp-json\/wp\/v2\/media?parent=6908"}],"curies":[{"name":"wp","href":"https:\/\/api.w.org\/{rel}","templated":true}]}}

Biblioteca Ciprés de las Guaitecas

<div id="pl-6908"  class="panel-layout" ><div id="pg-6908-0"  class="panel-grid panel-no-style" ><div id="pgc-6908-0-0"  class="panel-grid-cell" ><div id="panel-6908-0-0-0" class="so-panel widget widget_sow-editor panel-first-child panel-last-child" data-index="0" ><div class="panel-widget-style panel-widget-style-for-6908-0-0-0" ><div
			
			class="so-widget-sow-editor so-widget-sow-editor-base"
			
		>
<div class="siteorigin-widget-tinymce textwidget">
	<p>A continuación encontrarás toda la información asociada a los estudios sobre el ciprés de las Guaitecas elaborados en el Parque Tantauco. Estos trabajos son el resultado de años de investigación y trabajo en terreno, desarrollados en colaboración con universidades, centros de estudio, ONGs, investigadores y estudiantes, aportando conocimiento relevante sobre esta especie y los ecosistemas en los que habita.</p>
</div>
</div></div></div></div></div><div id="pg-6908-1"  class="panel-grid panel-no-style" ><div id="pgc-6908-1-0"  class="panel-grid-cell" ><div id="panel-6908-1-0-0" class="so-panel widget widget_sow-button panel-first-child panel-last-child" data-index="1" ><div class="btn-links-pages panel-widget-style panel-widget-style-for-6908-1-0-0" ><div
			
			class="so-widget-sow-button so-widget-sow-button-flat-db9247f52dcb-6908"
			
		><div class="ow-button-base ow-button-align-left"
>
			<a
					href="https://parquetantauco.cl/wp-content/uploads/2026/04/CIPRES-GUAITECAS-2019-Bannister-et-al-2019_Restoration-Ecology.pdf"
					class="sowb-button ow-icon-placement-left ow-button-hover" target="_blank" rel="noopener noreferrer" 	>
		<span>
			
			Estudio: “Influencia de los arbustos en el desempeño de las plántulas durante la restauración de especies de crecimiento lento”		</span>
			</a>
	</div>
</div></div></div></div><div id="pgc-6908-1-1"  class="panel-grid-cell panel-grid-cell-empty panel-grid-cell-mobile-last" ></div><div id="pgc-6908-1-2"  class="panel-grid-cell panel-grid-cell-empty" ></div></div><div id="pg-6908-2"  class="panel-grid panel-no-style" ><div id="pgc-6908-2-0"  class="panel-grid-cell" ><div id="panel-6908-2-0-0" class="so-panel widget widget_sow-button panel-first-child panel-last-child" data-index="2" ><div
			
			class="so-widget-sow-button so-widget-sow-button-flat-e86c2787087e-6908"
			
		><div class="ow-button-base ow-button-align-center"
>
			<a
					href="https://parquetantauco.cl/wp-content/uploads/2026/04/CIPRES-GUAITECAS-2011-Article-Bannister-et-al-2011.pdf"
					class="sowb-button ow-icon-placement-left ow-button-hover" target="_blank" rel="noopener noreferrer" 	>
		<span>
			
			Estudio: “Patrones latitudinales y regionalización de la diversidad vegetal a lo largo de un gradiente de 4.270 km en el Chile continental”		</span>
			</a>
	</div>
</div></div></div><div id="pgc-6908-2-1"  class="panel-grid-cell panel-grid-cell-empty panel-grid-cell-mobile-last" ></div><div id="pgc-6908-2-2"  class="panel-grid-cell panel-grid-cell-empty" ></div></div><div id="pg-6908-3"  class="panel-grid panel-no-style" ><div id="pgc-6908-3-0"  class="panel-grid-cell" ><div id="panel-6908-3-0-0" class="so-panel widget widget_sow-button panel-first-child panel-last-child" data-index="3" ><div
			
			class="so-widget-sow-button so-widget-sow-button-flat-e86c2787087e-6908"
			
		><div class="ow-button-base ow-button-align-center"
>
			<a
					href="https://parquetantauco.cl/wp-content/uploads/2026/04/CIPRES-GUAITECAS-2013-Austral-Ecology-Bannister-et-al-2013b.pdf"
					class="sowb-button ow-icon-placement-left ow-button-hover" 	>
		<span>
			
			Estudio: “La importancia de los árboles semilleros en la conífera dioica Pilgerodendron uviferum para la restauración pasiva de bosques de turbera del sur afectados por incendios”		</span>
			</a>
	</div>
</div></div></div><div id="pgc-6908-3-1"  class="panel-grid-cell panel-grid-cell-empty panel-grid-cell-mobile-last" ></div><div id="pgc-6908-3-2"  class="panel-grid-cell panel-grid-cell-empty" ></div></div><div id="pg-6908-4"  class="panel-grid panel-no-style" ><div id="pgc-6908-4-0"  class="panel-grid-cell" ><div id="panel-6908-4-0-0" class="so-panel widget widget_sow-button panel-first-child panel-last-child" data-index="4" ><div
			
			class="so-widget-sow-button so-widget-sow-button-flat-e86c2787087e-6908"
			
		><div class="ow-button-base ow-button-align-center"
>
			<a
					href="https://parquetantauco.cl/wp-content/uploads/2026/04/CIPRES-GUAITECAS-2013-Bannister-Donoso-2013.pdf"
					class="sowb-button ow-icon-placement-left ow-button-hover" target="_blank" rel="noopener noreferrer" 	>
		<span>
			
			Estudio: “Tipificación forestal para caracterizar la estructura y composición de los bosques siempreverdes antiguos en la Isla de Chiloé, Patagonia norte (Chile)”		</span>
			</a>
	</div>
</div></div></div><div id="pgc-6908-4-1"  class="panel-grid-cell panel-grid-cell-empty panel-grid-cell-mobile-last" ></div><div id="pgc-6908-4-2"  class="panel-grid-cell panel-grid-cell-empty" ></div></div><div id="pg-6908-5"  class="panel-grid panel-no-style" ><div id="pgc-6908-5-0"  class="panel-grid-cell" ><div id="panel-6908-5-0-0" class="so-panel widget widget_sow-button panel-first-child panel-last-child" data-index="5" ><div
			
			class="so-widget-sow-button so-widget-sow-button-flat-e86c2787087e-6908"
			
		><div class="ow-button-base ow-button-align-center"
>
			<a
					href="https://parquetantauco.cl/wp-content/uploads/2026/04/CIPRES-GUAITECAS-2015-JBannister-POSTER-pdf.pdf"
					class="sowb-button ow-icon-placement-left ow-button-hover" target="_blank" rel="noopener noreferrer" 	>
		<span>
			
			Estudio: “Restauración de los bosques de ‘ciprés de las Guaitecas’ en la Patagonia norte de Chile”		</span>
			</a>
	</div>
</div></div></div><div id="pgc-6908-5-1"  class="panel-grid-cell panel-grid-cell-empty panel-grid-cell-mobile-last" ></div><div id="pgc-6908-5-2"  class="panel-grid-cell panel-grid-cell-empty" ></div></div><div id="pg-6908-6"  class="panel-grid panel-no-style" ><div id="pgc-6908-6-0"  class="panel-grid-cell" ><div id="panel-6908-6-0-0" class="so-panel widget widget_sow-button panel-first-child panel-last-child" data-index="6" ><div
			
			class="so-widget-sow-button so-widget-sow-button-flat-e86c2787087e-6908"
			
		><div class="ow-button-base ow-button-align-center"
>
			<a
					href="https://parquetantauco.cl/wp-content/uploads/2026/04/CIPRES-GUAITECAS-2024-Galindo-et-al-2024_Gayana.pdf"
					class="sowb-button ow-icon-placement-left ow-button-hover" target="_blank" rel="noopener noreferrer" 	>
		<span>
			
			Estudio: “Ciclo reproductivo del ciprés de las Guaitecas (Pilgerodendron uviferum) en la Isla de Chiloé, Chile”		</span>
			</a>
	</div>
</div></div></div><div id="pgc-6908-6-1"  class="panel-grid-cell panel-grid-cell-empty panel-grid-cell-mobile-last" ></div><div id="pgc-6908-6-2"  class="panel-grid-cell panel-grid-cell-empty" ></div></div></div>

<p>A continuación encontrarás toda la información asociada a los estudios sobre el ciprés de las Guaitecas elaborados en el Parque Tantauco. Estos trabajos son el resultado de años de investigación y trabajo en terreno, desarrollados en colaboración con universidades, centros de estudio, ONGs, investigadores y estudiantes, aportando conocimiento relevante sobre esta especie y los ecosistemas [&hellip;]</p>

Nicolás Mesías

A continuación encontrarás toda la información asociada a los estudios sobre el ciprés de las Guaitecas elaborados en el Parque Tantauco. Estos trabajos son el resultado de años de investigación y trabajo en terreno, desarrollados en colaboración con universidades, centros de estudio, ONGs, investigadores y estudiantes, aportando conocimiento relevante sobre esta especie y los ecosistemas&hellip;
